 of 4 - 15 - (-24 - (-25 + 8))?
-4
Calculate (-12 - (-11 + -12) - 0) + 13 + 9.
33
Evaluate 15 - (-100 - (-1 + (2 - 11) + -7 + 7)).
105
What is (-2 - -5 - -13 - 13) + 26?
29
Calculate -21 + -1 - (34 + -100 - 11).
55
(-110 - (0 + -8)) + (16 - 14) + -11
-111
What is 7 + -25 + -1 + (-6 - -13 - -10) + 65?
63
Calculate -5 + -21 + 39 + -14 - (-6 + 0 + 102).
-97
Calculate -7 + 1 + (-16 - (12 - 28)) + 58 + 61.
113
What is -30 + (3 - 4) + -6 + (86 - 63)?
-14
What is the value of (-27 - 24) + (-4 - (2 + -9)) + 6?
-42
Calculate 61 - ((-54 - 12) + 96).
31
What is the value of 25 + 1 + (15 - (28 + -25 + 20))?
18
Calculate -13 + (-1 + -2 - (-31 + (40 - 29))).
4
Evaluate 12228 + -12205 - (1 - 4 - 19).
45
Calculate (65 - (-50 - -140)) + -2 + -33.
-60
Calculate -28 + -1 + -40 + 44.
-25
Calculate 21 + (-20 - 3) - (-5 + (6 - -22)).
-25
What is 3 - (102 + -10 + 8 + 1 + -3) - -10?
-85
Evaluate -11 + (31 - 11) + 12 + -31.
-10
Calculate -71 - (-91 + -5) - (2 - 2).
25
Evaluate 38 + (5 - -31) + 30 + -35.
69
What is 12 + (11 - 57) + -10 + -22 + 17?
-49
Evaluate 2 + (26 - (17 + 9)) - (-6 - -10).
-2
What is 135 + -272 + 206 + (1 - 37)?
33
(32 - (-25 + -20 - -21)) + -14 + 0
42
(73 - 5) + 469 + -462
75
(4 - -4) + (481 - 452)
37
Calculate -12 + (-23 + 0 - 6) + -16.
-57
0 + 6 + 5 + -7 + 102 + 0
106
Evaluate 5621 + -5606 + (2 - 17).
0
Calculate (-1 - (-7 + -1)) + (-162 - -116) + -8.
-47
What is the value of -13 + 24 + 9 - 38 - -7?
-11
What is the value of -13 + (15 - (11 - 3)) + (1 - -43 - 2)?
36
Calculate 12 + (2 - 36) - 0.
-22
Calculate -38 + (35 - (58 - 68)).
7
Evaluate (54 + -43 - -6) + -58.
-41
What is -40 + (19 + -31 - -21 - 21)?
-52
What is 110 + -157 + (37 - -38)?
28
What is the value of 1 + 81 - (-14852 + 14907)?
27
Evaluate -52 + -3 + 13 + 7 + 5.
-30
What is the value of (-53 - (16 + -10 + -8)) + (-12 - -18)?
-45
What is -27 - (-42 - -51 - (4 + 8 + -4))?
-28
What is 34 - (-1 - 4 - (-31 - (46 + -70)))?
32
What is the value of 20 + (16 - (-30 - -66)) - (1 + -5)?
4
(110 - (1 + -9 + 0)) + -224 + 219
113
Evaluate -545 + 365 + 170 + (2 + -1 - -50).
41
Evaluate 1 - (-27 - (-12 + -27) - (-60 + -10)).
-81
Calculate -98 + 8 + -20 + (-28 + 24 - -41).
-73
What is 68 - -1 - (0 + -38 - (2753 - 2787))?
73
What is (-27 - 1) + (-162 - -205) + 50?
65
Calculate -95 + -24 + 62 + 14.
-43
74 + -15 + (-33 - 29)
-3
Calculate 88 + (-76 - 52) + -69.
-109
(-62 - -62) + -5 - 42
-47
What is 5 + -21 + (39 - 17) + 32?
38
What is (1 - 4) + (28 - 18 - 0) - 87?
-80
What is the value of 11 - ((-36 - -12) + 12) - 9 - 13?
1
What is (-2 + -2 - 16) + 129 + -149?
-40
Calculate (-98 - (-80 + 29)) + ((4 - 4) + 1 - 1).
-47
What is (1 - 0 - (-2 + -4)) + (9 - (6 - 12))?
22
Evaluate 21 + (8 - (103 - 10)) + -4.
-68
(14 - (-17 - (-36 + 15))) + -33
-23
What is the value of -6 - (1 - (-1 + -43 + 49 + (-8 - 46)))?
-56
Evaluate 91 + 8 + -43 - 60.
-4
-3911 - -3849 - (-57 - 1)
-4
Calculate -7 + 26 + (19 - 39) + 29.
28
Evaluate 237 + -205 - (-32 - (-5 + -1)).
58
Calculate -5 + -14 + (-153 - -174) - 40.
-38
Evaluate 0 + 89 - (-112 - (-61 - 66)).
74
Evaluate -44 + -42 + (24 - -38).
-24
(-9 + 0 + (8 - -9) - 3 - -36) + -1
40
Calculate -34 - (4 + 0) - (12 - 15) - 5.
-40
What is the value of -122 - (-20 + -39) - -51?
-12
-77 - (38 - -11 - 143)
17
(-38 - -111) + -41 - (-1 + (12 - 1))
22
What is 87 - ((42 - 92) + 103)?
34
What is -43 + 2 + 11 + -21 - (1 - (-9 + -1))?
-62
7 + 1 + (1 - 25) + 2 + -25
-39
What is 1 + 10 - (-26 + 10 + (-11 - 3))?
41
Evaluate 9 + -28 + ((5 - 2) + 0 - 7).
-23
What is -14 + (-5 - (-85 + 2 + (8 - 10)))?
66
-2 + -13 + 23 + 2 + (-3 - -4) + 39
50
Calculate -5 + -21 - (47 + 73 + -74).
-72
What is (-7 - 1) + (-26 - -63 - 34) + 56?
51
What is the value of 9 + (45 - 57) + 14 + -3 + 22?
30
What is the value of 2 + -114 + (-6414 - -6414)?
-112
What is the value of 26 + -3 + -1 - (4 + -8 - -10)?
16
13 + -25 - (-3 + 79 + 10 + -1)
-97
(-204 - -200) + -12 + 3
-13
Calculate 97 - (31 - (17 - 36 - -21)).
68
What is 131 - (-166 + 78 - -174)?
45
Evaluate (0 - (4 + 5)) + 4 + (100 - 88) - -17.
24
115 - (148 - (44 + 74))
85
Calculate (731 - 608) + -1 + -32.
90
What is the value of -11 - (13 + -10 - -1 - (-9 + -2))?
-26
What is 31 + -68 + -97 + 68?
-66
-7 + 8 + -68 + -72 + 89
-50
What is the value of 43 + -25 + -10 - 32?
-24
What is -6 - (925 + -903 + (1 - -1) + 3)?
-33
What is (-103 - -6) + 1 + -1 - (-263 + 199 - -69)?
-102
Evaluate (3213 - 3264) + -1 + 13.
-39
Calculate 22 - (42 + 0 + -10) - 31.
-41
-62 + (18 - (13 + -7)) - -17
-33
Evaluate 120 + -215 - (-61 + -15).
-19
What is (1 - 93) + -4091 + 4133?
-50
What is (-1 - 2) + (-50 + 54 - -70)?
71
Evaluate -17 + 1 - (-119 - (-224 + 109)).
-12
(1 - 15) + (-1266 - -1273)
-7
What is the value of 56 - 42 - (-7 - (79 - (-6 - -6)))?
100
87 - (5 - 16 - 2 - -15 - (3 + -11))
77
What is 66 + -21 + (-6 - (34 + -18))?
23
65 + (0 - 75 - -21)
11
Calculate 1 + 1 - 79 - (-1971 - -1941).
-47
Evaluate -59 - (-38 + 4 + 19 - -34).
-78
Calculate 10 - ((-50 + 49 - -7) + -22).
26
Evaluate (-2 - -7) + ((82 - 12) + -12 - 0).
63
What is -18 + -4 + -7 + 1 + 14 + (-4 - 5)?
-23
Calculate (-42 - -29) + 1 + 3 + -6 + 4 + 22.
11
What is (10 + (-15 - 20) - -49) + -19?
5
-16 - (9 + (21 - (5 - -37)) + -93)
89
What is -70 - (12 + -21 - (9 + -4))?
-56
2 - (2 + (79 + -69 - (-1 - -7)) - 4)
0
What is 47 - (-35 - (-46 - 21))?
15
Calculate -76 - 39 - (-6 - (28 - 4)).
-85
What is (-1 - -25 - -1) + -45?
-20
Calculate 11 + 1 + 25 + (-4 - 9) + 10.
34
What is the value of (1 - -15) + (-10885 - -10791)?
-78
What is 0 - (-2 - 95) - (219 - 212)?
90
Calculate -11 + (-29 + 26 - -25) + 45 + -3.
53
What is (-451 - -373) + (-11 - -181)?
92
Evaluate (33 - (82 + -65)) + 62 + 1.
79
Evaluate 38 + -13 - (-2 + -2) - 6.
23
(-111 - -105) + (0 - 22 - (-3 + 5)) + 7
-23
What is -6 + (2 - -32) - (890 + -883)?
21
Calculate -4 + 19 + -31 + 53 + 29.
66
What is the value of 75 - -2 - (9 - 4 - (-5 + 14 + -14))?
67
What is the value of -15 - (-11 - -3) - ((8 - 6) + -1 + 6)?
-14
What is the value of -5 + -8 + (-1 - (-4 + -5)) + 10 + -18?
-13
What is the value of 1 - ((-11 - 0 - -11) + 8 - 76)?
69
Evaluate -33 - (-44 - (-20 - 9)).
-18
Evaluate -59 - (2 - 3 - (252 - 242)).
-48
What is the value of -6 + -54 + 26 - 17?
-51
Calculate (-4 - 0) + 19 + -89 - (-14 - -32).
-92
(-30 - 62) + 209 - 40
77
Evaluate -24 + (-13 + -24 + 19 + 17 - (9 - 2)).
-32
Calculate -76 - (-4 + 4 - 3) - (-18 + 58 - 45).
-68
Evaluate 9 - 41 - -32 - (-50 - 8).
58
Evaluate 24 - (-10 + (-4 - -11) + 26).
1
What is (-167 + 151 + 22 + 1 - 15) + -102?
-110
-54 - (-227 - -220 - (0 + 8))
-39
Calculate (-59 - (-17 - -6)) + (7 - 18 - -7) + 3.
-49
Evaluate (5 + -8 + 4 - (-18 - (-43 - -28))) + -42.
-38
What is -7 + -27 - -80 - (158 + 0)?
-112
-71 + (-7 - -35) + (-1 - -4)
-40
-49 + (40 - 51) + (0 - (10 + -14))
-56
Evaluate -19 + (-3 - -4) - (-53 - (-163 + 108)).
-20
Calculate 75 - (-2 - (9 - (13 + -16 + 15)) - -3).
71
Calculate -34 - ((-37 - 26) + -12).
41
What is -2 + -39 + 6 + -23?
-58
What is (0 - 4) + -8 + 52 + -20 + 17 + 4?
41
What is -10 + -5 + (1 - -3 - 4 - -2) + -55?
-68
Calculate -184 + 149 - (59 - 4 - 6).
-84
Calculate 7 - 39 - (-61 + -28 + 33).
24
(-8 + -16 - -63) + (9 - 143)
-95
Evaluate 34 + -5 + (-14 - 19) + 24.
20
5 - -1 - (0 + -5) - (-24 - -26 - -67)
-58
-22 - (0 - 13 - (-192 - -215))
14
135 - (-36 + -24 + 122 + -38)
111
What is the value of -10 + (-57 - 1 - -44)?
-24
(-6 - 4) + -55 + 38 + 1
-26
Evaluate (-55 - (-36 - 5)) + (3 - -26) + (-15 - -19).
19
-9 + 7 + -4 - (37 + 33 + -79)
3
What is the value of 24 + 0 + (-491 - -434) - 79?
-112
What is the value of (5 - -11) + -1057 + 1010?
-31
What is the value of 4 - -3 - (-3 + 7 - (20 + -36 - 45))?
-58
What is the value of -847 + 832 + (17 - 3)?
-1
Calculate -1 - 72 - (6100 - 6131).
-42
What is the value of -15 + 122 - (-688 - -746)?
49
Evaluate -31 + 49 + (-25 - -25).
18
Calculate (1 - (-13 - (-3 - -6))) + -18996 + 18877.
-102
(-5 - (0 + 1)) + -502 + 489 + (14 - -3)
-2
What is the value of -8648 - -8692 - (-1 - -36)?
9
What is (3 - (6 + -40)) + 17?
54
Evaluate 24 + 52 + (-95 - 10).
-29
Evaluate -43 + (-11 - (2 + -9 + (4 - 5)) - 11).
-57
What is the value of (-32 - 20 - -34) + 19 - (-1 + -7 + 2)?
7
What is -16 - (29 + (-90 - -44))?
1
What is the value of (-2 - -16) + 1 - 6 - (16 + (-93 - 5))?
91
-28 - (-81 + -9) - 52
10
Evaluate